{"id":137,"date":"2018-10-30T10:11:32","date_gmt":"2018-10-30T09:11:32","guid":{"rendered":"https:\/\/dekanatfakultaet3.wiwi.uni-siegen.de\/faq\/?page_id=137"},"modified":"2018-11-26T14:16:49","modified_gmt":"2018-11-26T13:16:49","slug":"studieninteressierte","status":"publish","type":"page","link":"https:\/\/pafak3.wiwi.uni-siegen.de\/info\/studieninteressierte\/","title":{"rendered":"Studieninteressierte"},"content":{"rendered":"<h1 class=\"title\">Informationen zum Studium<\/h1>\n<h2>Informationen zur Zulassung<\/h2>\n<p>Das Pr\u00fcfungsamt der Fakult\u00e4t III ist lediglich in bestimmten F\u00e4llen in den Zulassungsprozess f\u00fcr ein Studium an der Universit\u00e4t Siegen zust\u00e4ndig. An wen Sie sich wenden m\u00fcssen, h\u00e4ngt davon ab, ob Sie ein<\/p>\n<ul>\n<li><a class=\" cd_intlink\" href=\"https:\/\/pafak3.wiwi.uni-siegen.de\/info\/studieninteressierte\/bachelorstudium\/\">Bachelorstudium<\/a> oder ein<\/li>\n<li><a class=\" cd_intlink\" href=\"https:\/\/pafak3.wiwi.uni-siegen.de\/info\/studieninteressierte\/masterstudium\/\">Masterstudium<\/a><\/li>\n<\/ul>\n<p>aufnehmen m\u00f6chten und mit welchen Voraussetzungen Sie dieses Studium anstreben.<\/p>\n<h2>Informationen zu Studieng\u00e4ngen der Fakult\u00e4t<\/h2>\n<p>Unter den folgenden Links finden Sie<\/p>\n<ul>\n<li><a class=\" cd_intlink\" href=\"https:\/\/www.wiwi.uni-siegen.de\/dekanat\/studium\/\">Beschreibungen der Studieng\u00e4nge<\/a><\/li>\n<li><a class=\" cd_intlink\" href=\"https:\/\/pafak3.wiwi.uni-siegen.de\/info\/studiengaenge\/\">Studiengang\u00fcbersichten, Modulhandb\u00fccher, etc finden Sie unter den einzelnen Studieng\u00e4ngen<\/a><\/li>\n<\/ul>\n<p>Informationen zur Einschreibung, zu den Fristen, etc. finden Sie unter Bewerbung und Einschreibung auf der Seite <a class=\" cd_intlink\" href=\"http:\/\/www.uni-siegen.de\/start\/studium\">Studium und Lehre<\/a> der Universit\u00e4t Siegen.<\/p>\n<p>&nbsp;<\/p>\n","protected":false},"excerpt":{"rendered":"<p>Informationen zum Studium Informationen zur Zulassung Das Pr\u00fcfungsamt der Fakult\u00e4t III ist lediglich in bestimmten F\u00e4llen in den Zulassungsprozess f\u00fcr ein Studium an der Universit\u00e4t Siegen zust\u00e4ndig. An wen Sie sich wenden m\u00fcssen, h\u00e4ngt davon ab, ob Sie ein Bachelorstudium oder ein Masterstudium aufnehmen m\u00f6chten und mit welchen Voraussetzungen Sie dieses Studium anstreben. Informationen zu [&hellip;]<\/p>\n","protected":false},"author":2,"featured_media":0,"parent":0,"menu_order":13,"comment_status":"closed","ping_status":"closed","template":"","meta":{"footnotes":""},"class_list":["post-137","page","type-page","status-publish","hentry"],"_links":{"self":[{"href":"https:\/\/pafak3.wiwi.uni-siegen.de\/info\/wp-json\/wp\/v2\/pages\/137","targetHints":{"allow":["GET"]}}],"collection":[{"href":"https:\/\/pafak3.wiwi.uni-siegen.de\/info\/wp-json\/wp\/v2\/pages"}],"about":[{"href":"https:\/\/pafak3.wiwi.uni-siegen.de\/info\/wp-json\/wp\/v2\/types\/page"}],"author":[{"embeddable":true,"href":"https:\/\/pafak3.wiwi.uni-siegen.de\/info\/wp-json\/wp\/v2\/users\/2"}],"replies":[{"embeddable":true,"href":"https:\/\/pafak3.wiwi.uni-siegen.de\/info\/wp-json\/wp\/v2\/comments?post=137"}],"version-history":[{"count":12,"href":"https:\/\/pafak3.wiwi.uni-siegen.de\/info\/wp-json\/wp\/v2\/pages\/137\/revisions"}],"predecessor-version":[{"id":163,"href":"https:\/\/pafak3.wiwi.uni-siegen.de\/info\/wp-json\/wp\/v2\/pages\/137\/revisions\/163"}],"wp:attachment":[{"href":"https:\/\/pafak3.wiwi.uni-siegen.de\/info\/wp-json\/wp\/v2\/media?parent=137"}],"curies":[{"name":"wp","href":"https:\/\/api.w.org\/{rel}","templated":true}]}}