{"id":139,"date":"2018-10-30T10:12:28","date_gmt":"2018-10-30T09:12:28","guid":{"rendered":"https:\/\/dekanatfakultaet3.wiwi.uni-siegen.de\/faq\/?page_id=139"},"modified":"2025-03-12T11:54:51","modified_gmt":"2025-03-12T10:54:51","slug":"links","status":"publish","type":"page","link":"https:\/\/pafak3.wiwi.uni-siegen.de\/info\/links\/","title":{"rendered":"Links"},"content":{"rendered":"<h1 class=\"title\">Externe Internet-Adressen<\/h1>\n<table>\n<tbody>\n<tr>\n<th>\n<h4>Fakult\u00e4t III Links<\/h4>\n<\/th>\n<\/tr>\n<tr>\n<th><a href=\"https:\/\/www.wiwi.uni-siegen.de\/dekanat\/index.html?lang=de\" target=\"_blank\" rel=\"noopener noreferrer\">Startseite der Fakult\u00e4t III<\/a><\/p>\n<p><a class=\" cd_extlink\" href=\"https:\/\/www.wiwi.uni-siegen.de\/dekanat\/hochschullehrer\/?lang=de\" target=\"_blank\" rel=\"noopener noreferrer\">Lehrende an der Fakult\u00e4t III<\/a><\/p>\n<p><a class=\" cd_extlink\" href=\"https:\/\/www.wiwi.uni-siegen.de\/dekanat\/studium\/studiengaenge.html?lang=de\" target=\"_blank\" rel=\"noopener noreferrer\">Studieng\u00e4nge an der Fakult\u00e4t III<\/a><\/p>\n<p><a class=\" cd_extlink\" href=\"https:\/\/www.wiwi.uni-siegen.de\/dekanat\/studium\/studentische_einrichtungen.html?lang=de\" target=\"_blank\" rel=\"noopener noreferrer\">Studentische Einrichtungen<\/a><\/p>\n<p><a class=\" cd_extlink\" href=\"https:\/\/www.wiwi.uni-siegen.de\/dekanat\/studium\/academic_advisor.html\" target=\"_blank\" rel=\"noopener noreferrer\">Academic Advisor (Beratungs- und Betreuungsangebot)<\/a><\/p>\n<p><a class=\" cd_extlink\" href=\"https:\/\/www.wiwi.uni-siegen.de\/dekanat\/internationales\/?lang=de\" target=\"_blank\" rel=\"noopener noreferrer\">Internationales (Auslandsstudium, Auslandspraktikum, ausl\u00e4ndische Studierende)<\/a><\/th>\n<\/tr>\n<\/tbody>\n<\/table>\n<table>\n<tbody>\n<tr>\n<td>\n<h4>Wichtge Uni-Siegen Links<\/h4>\n<\/td>\n<\/tr>\n<tr>\n<td><a href=\"http:\/\/www.uni-siegen.de\/start\/\" target=\"_blank\" rel=\"noopener noreferrer\">Startseite der Uni-Siegen<\/a><\/p>\n<p><a class=\" cd_extlink\" href=\"http:\/\/www.uni-siegen.de\/start\/studium\/studierendensekretariat\/?lang=de\" target=\"_blank\" rel=\"noopener noreferrer\">Studierendensekretariat<\/a><\/p>\n<p><a class=\" cd_extlink\" href=\"https:\/\/www.wiwi.uni-siegen.de\/dekanat\/studium\/studienberatung.html?lang=de\" target=\"_blank\" rel=\"noopener noreferrer\">Studienberatung f\u00fcr Studierende der Fakult\u00e4t III<\/a><\/p>\n<p><a class=\" cd_extlink\" href=\"http:\/\/www.uni-siegen.de\/zsb\/\" target=\"_blank\" rel=\"noopener noreferrer\">Zentrale Studienberatung<\/a><\/p>\n<p><a class=\" cd_extlink\" href=\"http:\/\/www.uni-siegen.de\/start\/studium\/\" target=\"_blank\" rel=\"noopener noreferrer\">Studium (Universit\u00e4t)<\/a><\/p>\n<p><a class=\" cd_extlink\" href=\"http:\/\/www.uni-siegen.de\/isa\/\" target=\"_blank\" rel=\"noopener noreferrer\">International Student Affairs (ISA)<\/a><\/p>\n<p><a class=\" cd_extlink\" href=\"https:\/\/unisono.uni-siegen.de\" target=\"_blank\" rel=\"noopener noreferrer\">Portal Lehre, Studium, Forschung (unisono)<\/a><\/p>\n<p><a href=\"https:\/\/video.uni-siegen.de\/service\/unisono\" target=\"_blank\" rel=\"noopener\">unisono Videotutorials<\/a><\/td>\n<\/tr>\n<\/tbody>\n<\/table>\n","protected":false},"excerpt":{"rendered":"<p>Externe Internet-Adressen Fakult\u00e4t III Links Startseite der Fakult\u00e4t III Lehrende an der Fakult\u00e4t III Studieng\u00e4nge an der Fakult\u00e4t III Studentische Einrichtungen Academic Advisor (Beratungs- und Betreuungsangebot) Internationales (Auslandsstudium, Auslandspraktikum, ausl\u00e4ndische Studierende) Wichtge Uni-Siegen Links Startseite der Uni-Siegen Studierendensekretariat Studienberatung f\u00fcr Studierende der Fakult\u00e4t III Zentrale Studienberatung Studium (Universit\u00e4t) International Student Affairs (ISA) Portal Lehre, Studium, [&hellip;]<\/p>\n","protected":false},"author":2,"featured_media":0,"parent":0,"menu_order":22,"comment_status":"closed","ping_status":"closed","template":"","meta":{"footnotes":""},"class_list":["post-139","page","type-page","status-publish","hentry"],"_links":{"self":[{"href":"https:\/\/pafak3.wiwi.uni-siegen.de\/info\/wp-json\/wp\/v2\/pages\/139","targetHints":{"allow":["GET"]}}],"collection":[{"href":"https:\/\/pafak3.wiwi.uni-siegen.de\/info\/wp-json\/wp\/v2\/pages"}],"about":[{"href":"https:\/\/pafak3.wiwi.uni-siegen.de\/info\/wp-json\/wp\/v2\/types\/page"}],"author":[{"embeddable":true,"href":"https:\/\/pafak3.wiwi.uni-siegen.de\/info\/wp-json\/wp\/v2\/users\/2"}],"replies":[{"embeddable":true,"href":"https:\/\/pafak3.wiwi.uni-siegen.de\/info\/wp-json\/wp\/v2\/comments?post=139"}],"version-history":[{"count":27,"href":"https:\/\/pafak3.wiwi.uni-siegen.de\/info\/wp-json\/wp\/v2\/pages\/139\/revisions"}],"predecessor-version":[{"id":5578,"href":"https:\/\/pafak3.wiwi.uni-siegen.de\/info\/wp-json\/wp\/v2\/pages\/139\/revisions\/5578"}],"wp:attachment":[{"href":"https:\/\/pafak3.wiwi.uni-siegen.de\/info\/wp-json\/wp\/v2\/media?parent=139"}],"curies":[{"name":"wp","href":"https:\/\/api.w.org\/{rel}","templated":true}]}}