{"id":1847,"date":"2019-03-22T14:16:45","date_gmt":"2019-03-22T13:16:45","guid":{"rendered":"https:\/\/pafak3.wiwi.uni-siegen.de\/info\/?page_id=1847"},"modified":"2025-09-10T14:21:54","modified_gmt":"2025-09-10T12:21:54","slug":"examensfeier","status":"publish","type":"page","link":"https:\/\/pafak3.wiwi.uni-siegen.de\/info\/herzlich-willkommen\/examensfeier\/","title":{"rendered":"Examensfeier 2026"},"content":{"rendered":"<h1>Examensfeier 2026 der Fakult\u00e4t III<\/h1>\n<h3>f\u00fcr Absolventinnen und Absolventen des SoSe 2025 und WiSe 2025\/26<\/h3>\n<p>&nbsp;<\/p>\n<h2>Donnerstag, den 18. Juni 2026 im Apollo-Theater.<\/h2>\n<p>&nbsp;<\/p>\n<p><!-- <a href=\"https:\/\/uni-siegen.sciebo.de\/s\/DSI3f1IOnQfP4tz\">&gt;&gt; Einladungsflyer<\/a>  \n\n&nbsp;\n\n&nbsp;\n\nAb sofort haben Sie die M\u00f6glichkeit, Karten f\u00fcr die Feier zu erwerben. Der Kartenpreis betr\u00e4gt 20 Euro pro Person. (Dies sind in etwa die Kosten des Buffets. Alle anderen Kosten tr\u00e4gt die Fakult\u00e4t.)\n\nEintrittskarten f\u00fcr die Examensfeier k\u00f6nnen Sie ab sofort \u00fcber diesen Link erwerben:\n\n\n<h1><a href=\"https:\/\/eveeno.com\/examensfeier2025\">&gt;&gt; Hier geht es zum Kartenverkauf!<\/a><\/h1>\n\n\n&nbsp;\n\nDer Kartenpreis betr\u00e4gt 20\u202fEuro pro Person. Weitere Details finden Sie in den unten stehenden Informationen. Bitte beachten Sie, dass die Pl\u00e4tze begrenzt sind \u2013 sichern Sie sich Ihre Karten, solange verf\u00fcgbar, sp\u00e4testens zun\u00e4chst jedoch bis zum <strong>31. Mai 2025<\/strong>.\n\nSitzpl\u00e4tze werden nach Zahlungseingang verbindlich reserviert. Ein Umtausch bzw. die Erstattung von gekauften Eintrittskarten ist nicht m\u00f6glich; ggf. kann bei der Vermittlung nicht mehr ben\u00f6tigter Karten an andere Interessenten geholfen werden.\n\nDie Examensfeier findet im Apollo-Theater in Siegen statt. <a href=\"https:\/\/www.google.de\/maps\/dir\/\/Apollo-Theater+Siegen,+Morleystra%C3%9Fe+1,+57072+Siegen\/@50.8794421,8.0255851,15.27z\/data=!4m8!4m7!1m0!1m5!1m1!1s0x47bc1c92be36a20d:0xeb2f62b98b9faf95!2m2!1d8.017686!2d50.8740087\">Hier<\/a> gelangen Sie zum Lageplan. Parkm\u00f6glichkeiten finden Sie in den Parkh\u00e4usern Apollotheater und Reichwalds Ecke.\n\n&nbsp;\n\n\n<h4>Weitere Informationen zur Examensfeier<\/h4>\n\n\n&nbsp;\n\n<strong>Eintritt &amp; Platzkarten:<\/strong>\nAm Veranstaltungstag, dem 26.06.2026, m\u00fcssen die Eintrittskarten vor dem Einlass in Sitzplatzkarten umgetauscht werden. Der Tausch erfolgt ab 16:00 Uhr am Empfang im Foyer des Apollo-Theaters. Damit ein reibungsloser Ablauf gew\u00e4hrleistet ist, empfehlen wir, sp\u00e4testens bis 16:30 Uhr vor Ort zu sein. Einlass ist nur mit g\u00fcltiger Platzkarte m\u00f6glich; es besteht keine freie Sitzplatzwahl.\n\n<strong>Parken:<\/strong>\nParkm\u00f6glichkeiten stehen im APCOA Parkhaus am Apollotheater (Morleystra\u00dfe 1) zur Verf\u00fcgung. Ihr Parkticket kann am Veranstaltungstag direkt an der Garderobe des Theaters f\u00fcr einen verg\u00fcnstigten Pauschalpreis von 2,50\u202fEUR entwertet werden \u2013 vor Veranstaltungsbeginn, in der Pause oder im Anschluss.\n\n<strong>Garderobe:<\/strong>\nAus brandschutzrechtlichen Gr\u00fcnden ist das Mitf\u00fchren von Jacken oder gr\u00f6\u00dferen Taschen in den Saalbereich nicht gestattet.\nWir empfehlen, diese entweder im Auto zu lassen oder alternativ f\u00fcr 1,50\u202fEUR an der Garderobe im Theater abzugeben.\n\n<strong>Bewirtung:<\/strong>\nDer Kartenpreis betr\u00e4gt 20\u202fEuro pro Person und deckt ausschlie\u00dflich die kulinarische Bewirtung ab, dazu z\u00e4hlen das Fingerfood-Buffet mit herzhaften Snacks sowie der Sektempfang im Anschluss an die Veranstaltung. Getr\u00e4nke und weitere Angebote w\u00e4hrend der Pause sind nicht im Preis enthalten und k\u00f6nnen nach Belieben individuell erworben werden.\nAlle \u00fcbrigen Kosten der Examensfeier tr\u00e4gt die Fakult\u00e4t, um diesen feierlichen Rahmen zu erm\u00f6glichen.\n\n<strong>Dresscode &amp; Fotografie:<\/strong>\nDie Kleidung sollte dem Anlass entsprechend festlich gew\u00e4hlt werden. F\u00fcr die Feier ist ein Fotograf engagiert, die Fotos werden im Nachgang kostenlos zur Verf\u00fcgung gestellt.\n\n<strong>After-Show-Party &amp; Einladungskreis:<\/strong>\nNach der Veranstaltung darf man sich auf eine musikalische After-Show-Party freuen, die den Abend geb\u00fchrend ausklingen l\u00e4sst. Das offizielle Ende der Feier ist um 22:00 Uhr. Eingeladen sind alle Absolventinnen und Absolventen, die in den genannten Semestern ihren Abschluss erhalten haben und bislang nicht zur vergangenen Examensfeier eingeladen waren.\nUm die Wartezeit auf die Examensfeier m\u00f6glichst kurz zu halten, laden wir auch Absolventinnen und Absolventen des Sommersemesters 2025 ein, deren Abschluss <strong>bis zum 31. Mai 2025<\/strong> erfolgt ist.\n--><br \/>\nBitte beachten Sie, dass die Pl\u00e4tze begrenzt sind und wir f\u00fcr die Einladung zur Examensfeier g\u00fcltige Kontaktdaten ben\u00f6tigen. Im Rahmen der Aush\u00e4ndigung Ihrer Abschlussdokumente hatten bzw. haben Sie die M\u00f6glichkeit, uns diese mitzuteilen. Vielen Dank.<\/p>\n<p>&nbsp;<\/p>\n<p>Bei Fragen zur Examensfeier wenden Sie sich bitte an Herrn <a href=\"mailto:michael.daub@uni-siegen.de?subject=Frage Examensfeier 2026\">Michael Daub<\/a>.<\/p>\n<p>&nbsp;<\/p>\n<div class=\"su-spoiler su-spoiler-style-fancy su-spoiler-icon-folder-1 su-spoiler-closed\" data-scroll-offset=\"0\" data-anchor-in-url=\"no\"><div class=\"su-spoiler-title\" tabindex=\"0\" role=\"button\"><span class=\"su-spoiler-icon\"><\/span>Statistik zur Gesamtabschlussnote<\/div><div class=\"su-spoiler-content su-u-clearfix su-u-trim\">\n<p>Das Dokument <a href=\"https:\/\/pafak3.wiwi.uni-siegen.de\/info\/wp-content\/uploads\/Pruefungen\/AbschlussStatistik.pdf\" class=\"mtli_attachment mtli_pdf\">Abschlussstatistik<\/a> gibt einen \u00dcberblick \u00fcber die Abschlussnoten der vergangenen drei Semester. Die \u00dcbersicht enth\u00e4lt Tabellen \u00fcber die Anzahl der einzelnen Noten (sehr gut, gut, befriedigend und ausreichend) sowie Notenquantile im 10%-Abstand f\u00fcr die einzelnen Studieng\u00e4nge.<\/p>\n<p>Die Notenquantile geben Auskunft dar\u00fcber, wie die Abschlussnote <strong>im Vergleich zu anderen Studierenden<\/strong> einzusch\u00e4tzen ist. Auch die ECTS-Note, die i.d.R. im Zeignis ausgewiesen wird, ist eine relative Note: Z.B. bedeutet die ECTS-Note &#8222;A&#8220;, dass eine Studierende bzw. ein Studierender zu den besten 10% des betreffenden Studiengangs geh\u00f6rt (B: 10%-35%; C: 35%-65%; D: 65%-90%; E: 90%-100%). In der Regel ist f\u00fcr die Berechnung der ECTS-Note auf dem Zeugnis, die durch das Campusmanagement erfolgt, eine andere Datenbasis (d.h. ein anderer Zeitraum, in dem die Abschl\u00fcsse erzielt wurden) herangezogen worden als f\u00fcr die Abschlussstatistik des Pr\u00fcfungsamtes. Daher kann es in Grenzf\u00e4llen vorkommen, dass\u00a0 die ECTS-Note im Zeugnis <strong>nicht genau<\/strong> den Angaben in der Abschlussstatistik entspricht. Z.B. k\u00f6nnte der Fall auftreten, dass eine Studierende laut Abschlusstabelle (noch gerade eben so) zu den besten 10 Prozent geh\u00f6rt, im Zeugnis aber die ECTS-Note &#8222;B&#8220; steht (oder umgekehrt). Im Wesentlichen sollten die beiden Angaben aber deckungsgleich sein.<\/p>\n<\/div><\/div>\n<p>&nbsp;<\/p>\n","protected":false},"excerpt":{"rendered":"<p>Examensfeier 2026 der Fakult\u00e4t III f\u00fcr Absolventinnen und Absolventen des SoSe 2025 und WiSe 2025\/26 &nbsp; Donnerstag, den 18. Juni 2026 im Apollo-Theater. &nbsp; Bitte beachten Sie, dass die Pl\u00e4tze begrenzt sind und wir f\u00fcr die Einladung zur Examensfeier g\u00fcltige Kontaktdaten ben\u00f6tigen. Im Rahmen der Aush\u00e4ndigung Ihrer Abschlussdokumente hatten bzw. haben Sie die M\u00f6glichkeit, uns [&hellip;]<\/p>\n","protected":false},"author":2,"featured_media":0,"parent":2,"menu_order":0,"comment_status":"closed","ping_status":"closed","template":"","meta":{"footnotes":""},"class_list":["post-1847","page","type-page","status-publish","hentry"],"_links":{"self":[{"href":"https:\/\/pafak3.wiwi.uni-siegen.de\/info\/wp-json\/wp\/v2\/pages\/1847","targetHints":{"allow":["GET"]}}],"collection":[{"href":"https:\/\/pafak3.wiwi.uni-siegen.de\/info\/wp-json\/wp\/v2\/pages"}],"about":[{"href":"https:\/\/pafak3.wiwi.uni-siegen.de\/info\/wp-json\/wp\/v2\/types\/page"}],"author":[{"embeddable":true,"href":"https:\/\/pafak3.wiwi.uni-siegen.de\/info\/wp-json\/wp\/v2\/users\/2"}],"replies":[{"embeddable":true,"href":"https:\/\/pafak3.wiwi.uni-siegen.de\/info\/wp-json\/wp\/v2\/comments?post=1847"}],"version-history":[{"count":131,"href":"https:\/\/pafak3.wiwi.uni-siegen.de\/info\/wp-json\/wp\/v2\/pages\/1847\/revisions"}],"predecessor-version":[{"id":5801,"href":"https:\/\/pafak3.wiwi.uni-siegen.de\/info\/wp-json\/wp\/v2\/pages\/1847\/revisions\/5801"}],"up":[{"embeddable":true,"href":"https:\/\/pafak3.wiwi.uni-siegen.de\/info\/wp-json\/wp\/v2\/pages\/2"}],"wp:attachment":[{"href":"https:\/\/pafak3.wiwi.uni-siegen.de\/info\/wp-json\/wp\/v2\/media?parent=1847"}],"curies":[{"name":"wp","href":"https:\/\/api.w.org\/{rel}","templated":true}]}}