{"id":2,"date":"2018-08-10T14:18:43","date_gmt":"2018-08-10T12:18:43","guid":{"rendered":"https:\/\/dekanatfakultaet3.wiwi.uni-siegen.de\/faq\/?page_id=2"},"modified":"2024-06-13T16:04:00","modified_gmt":"2024-06-13T14:04:00","slug":"herzlich-willkommen","status":"publish","type":"page","link":"https:\/\/pafak3.wiwi.uni-siegen.de\/info\/","title":{"rendered":"Pr\u00fcfungsamt"},"content":{"rendered":"<h1 class=\"title\"><strong>Pr\u00fcfungsamt Fakult\u00e4t III<\/strong><\/h1>\n<p><strong><span style=\"color: #c90808;\">Bitte beachten Sie auch und insbesondere die (auf allen unseren Internetseiten sichtbare) rechte Spalte &#8222;Wichtige News&#8220;. Unsere derzeitigen Kontaktinformationen finden Sie <span style=\"color: #000080;\"><a style=\"color: #000080;\" href=\"https:\/\/pafak3.wiwi.uni-siegen.de\/info\/kontakt\/\" target=\"_blank\" rel=\"noopener noreferrer\">hier<\/a><\/span>.<br \/>\n<\/span><\/strong><\/p>\n<p><img loading=\"lazy\" decoding=\"async\" class=\"alignnone size-full wp-image-1252\" src=\"https:\/\/pafak3.wiwi.uni-siegen.de\/info\/wp-content\/uploads\/Images\/Titelbild_Pramt-1.png\" alt=\"\" width=\"621\" height=\"360\" \/><\/p>\n<hr \/>\n<p><strong>Herzlich willkommen<\/strong> auf der Internetseite des Pr\u00fcfungsamtes der Fakult\u00e4t III: Wirtschaftswissenschaften, Wirtschaftsinformatik und Wirtschaftsrecht der Universit\u00e4t Siegen. Das Pr\u00fcfungsamt ist zust\u00e4ndig f\u00fcr die Fachstudieng\u00e4nge der Fakult\u00e4t. Auf den Seiten des Pr\u00fcfungsamtes finden Sie unter der Rubrik<\/p>\n<ul>\n<li><a href=\"http:\/\/pafak3.wiwi.uni-siegen.de\/info\/\"><strong>Pr\u00fcfungsamt<\/strong>:<\/a> Informationen rund um Pr\u00fcfungen und Pr\u00fcfungsamt, Termine und Links<\/li>\n<li><a href=\"https:\/\/pafak3.wiwi.uni-siegen.de\/info\/studiengaenge\/\"><strong>Studieng\u00e4nge<\/strong>:<\/a> Informationen und Formulare (Downloads) f\u00fcr den jeweiligen Studiengang.<\/li>\n<li><strong><a href=\"http:\/\/pafak3.wiwi.uni-siegen.de\/info\/pruefungen\/\">Pr\u00fcfungen<\/a><\/strong>: Informationen \u00fcber Pr\u00fcfungstermine, Anmeldeverfahren, Verhalten im Krankheitsfall, etc.<\/li>\n<li><strong><a href=\"http:\/\/pafak3.wiwi.uni-siegen.de\/info\/anrechnungen\/\">Anrechnungen<\/a>:<\/strong> Informationen zum Anerkennungsverfahren von Pr\u00fcfungsleistungen.<\/li>\n<li><a href=\"http:\/\/pafak3.wiwi.uni-siegen.de\/info\/studienanfaenger\/\"><strong>Studienanf\u00e4nger<\/strong><\/a>: Informationen f\u00fcr Studenten die sich mit den Abl\u00e4ufen in der Fakult\u00e4t III noch nicht richtig auskennen.<\/li>\n<li><a href=\"http:\/\/pafak3.wiwi.uni-siegen.de\/info\/studieninteressierte\/\"><strong>Studieninteressierte<\/strong><\/a>: Informationen f\u00fcr Studieninteressierte f\u00fcr Bachelor- und Masterstudieng\u00e4nge, z.B. fachliche Voraussetzungen oder Bewerbungsverfahren, soweit das Pr\u00fcfungsamt beteiligt ist<\/li>\n<li><a href=\"http:\/\/pafak3.wiwi.uni-siegen.de\/info\/non-degree-students\/\"><strong>Non Degree-Students<\/strong><\/a>: Short information for guests students from abroad (non degree students) who want to write examinations at our faculty (Fakult\u00e4t III)<\/li>\n<li><strong><a href=\"http:\/\/pafak3.wiwi.uni-siegen.de\/info\/links\/\">Links<\/a>: <\/strong>Links zu anderen Stellen an der Universit\u00e4t Siegen<\/li>\n<li><a href=\"http:\/\/pafak3.wiwi.uni-siegen.de\/info\/kontakt\/\"><strong>Kontakt<\/strong>:<\/a> Informationen \u00fcber \u00d6ffnungszeiten, Anschrift, Telefonnummern, E-Mail-Adressen etc.<\/li>\n<li><a href=\"http:\/\/pafak3.wiwi.uni-siegen.de\/info\/faq-alle-fragen-rum-ums-studium\/\"><strong>FAQ<\/strong><\/a>: Wichtige Fragen rund um das Studium<\/li>\n<\/ul>\n<p>&nbsp;<\/p>\n<div class=\"su-note\"  style=\"border-color:#e5e54c;border-radius:3px;-moz-border-radius:3px;-webkit-border-radius:3px;\"><div class=\"su-note-inner su-u-clearfix su-u-trim\" style=\"background-color:#FFFF66;border-color:#ffffff;color:#333333;border-radius:3px;-moz-border-radius:3px;-webkit-border-radius:3px;\">\n<h4><a href=\"https:\/\/pafak3.wiwi.uni-siegen.de\/info\/herzlich-willkommen\/news\/\"><strong>Unter News finden Sie die aktuellsten Informationen und wichtige Links f\u00fcr jedes Semester.<\/strong><\/a><\/h4>\n<\/div><\/div>\n<h4><strong>\u00a0<\/strong><\/h4>\n<p>&nbsp;<\/p>\n","protected":false},"excerpt":{"rendered":"<p>Pr\u00fcfungsamt Fakult\u00e4t III Bitte beachten Sie auch und insbesondere die (auf allen unseren Internetseiten sichtbare) rechte Spalte &#8222;Wichtige News&#8220;. Unsere derzeitigen Kontaktinformationen finden Sie hier. Herzlich willkommen auf der Internetseite des Pr\u00fcfungsamtes der Fakult\u00e4t III: Wirtschaftswissenschaften, Wirtschaftsinformatik und Wirtschaftsrecht der Universit\u00e4t Siegen. Das Pr\u00fcfungsamt ist zust\u00e4ndig f\u00fcr die Fachstudieng\u00e4nge der Fakult\u00e4t. Auf den Seiten des [&hellip;]<\/p>\n","protected":false},"author":1,"featured_media":0,"parent":0,"menu_order":8,"comment_status":"closed","ping_status":"closed","template":"","meta":{"footnotes":""},"class_list":["post-2","page","type-page","status-publish","hentry"],"_links":{"self":[{"href":"https:\/\/pafak3.wiwi.uni-siegen.de\/info\/wp-json\/wp\/v2\/pages\/2","targetHints":{"allow":["GET"]}}],"collection":[{"href":"https:\/\/pafak3.wiwi.uni-siegen.de\/info\/wp-json\/wp\/v2\/pages"}],"about":[{"href":"https:\/\/pafak3.wiwi.uni-siegen.de\/info\/wp-json\/wp\/v2\/types\/page"}],"author":[{"embeddable":true,"href":"https:\/\/pafak3.wiwi.uni-siegen.de\/info\/wp-json\/wp\/v2\/users\/1"}],"replies":[{"embeddable":true,"href":"https:\/\/pafak3.wiwi.uni-siegen.de\/info\/wp-json\/wp\/v2\/comments?post=2"}],"version-history":[{"count":51,"href":"https:\/\/pafak3.wiwi.uni-siegen.de\/info\/wp-json\/wp\/v2\/pages\/2\/revisions"}],"predecessor-version":[{"id":5243,"href":"https:\/\/pafak3.wiwi.uni-siegen.de\/info\/wp-json\/wp\/v2\/pages\/2\/revisions\/5243"}],"wp:attachment":[{"href":"https:\/\/pafak3.wiwi.uni-siegen.de\/info\/wp-json\/wp\/v2\/media?parent=2"}],"curies":[{"name":"wp","href":"https:\/\/api.w.org\/{rel}","templated":true}]}}