{"id":483,"date":"2018-11-06T14:10:26","date_gmt":"2018-11-06T13:10:26","guid":{"rendered":"https:\/\/dekanatfakultaet3.wiwi.uni-siegen.de\/faq\/?page_id=483"},"modified":"2025-02-14T12:32:43","modified_gmt":"2025-02-14T11:32:43","slug":"anerkennungsformulare","status":"publish","type":"page","link":"https:\/\/pafak3.wiwi.uni-siegen.de\/info\/anrechnungen\/anerkennungsformulare\/","title":{"rendered":"Anerkennungsformulare"},"content":{"rendered":"<h1 class=\"title\">Studiengangbezogene Formulare zur Anerkennung von Pr\u00fcfungsleistungen<\/h1>\n<p>\u00d6ffnen Sie das Dokument f\u00fcr diejenige Studiengangversion, f\u00fcr welche die Anerkennung gelten soll, und f\u00fcllen das Deckblatt sowie die betreffende Seite mit derjenigen Pr\u00fcfung, die anerkannt werden soll, aus. Die Jahreszahl Ihrer Studiengangversion wird in unisono unter &#8222;Struktur der Pr\u00fcfungsordnung&#8220; angezeigt. Sofern Sie sich <strong>neu<\/strong> in einen Studiengang einschreiben, erfolgt die Einschreibung grunds\u00e4tzlich in die neueste Version des Studienganges (dies gilt auch bei einer Unterbrechnung des Studiums, sofern es sich nicht um eine Beurlaubung handelt). Weitere Informationen zur Anerkennung finden Sie <a href=\"https:\/\/pafak3.wiwi.uni-siegen.de\/info\/anrechnungen\/\" target=\"_blank\" rel=\"noopener noreferrer\"><strong>hier.<\/strong><\/a><\/p>\n<p>&nbsp;<\/p>\n<table>\n<tbody>\n<tr>\n<th style=\"text-align: left;\">Bachelor<\/th>\n<th>Version<\/th>\n<\/tr>\n<tr>\n<td>Betriebswirtschaftslehre<\/td>\n<td><a href=\"https:\/\/pafak3.wiwi.uni-siegen.de\/info\/wp-content\/uploads\/Studiengang\/Anerkennung\/BWL-BSc-2019.pdf\" class=\"mtli_attachment mtli_pdf\" target=\"_blank\" rel=\"noopener noreferrer\">2019<\/a><\/td>\n<\/tr>\n<tr>\n<td>Volkswirtschaftslehre<\/td>\n<td><a href=\"https:\/\/pafak3.wiwi.uni-siegen.de\/info\/wp-content\/uploads\/Studiengang\/Anerkennung\/VWL-BSc-2019.pdf\" class=\"mtli_attachment mtli_pdf\" target=\"_blank\" rel=\"noopener noreferrer\">2019<\/a><\/td>\n<\/tr>\n<tr>\n<td>Wirtschaftsinformatik<\/td>\n<td><a href=\"https:\/\/pafak3.wiwi.uni-siegen.de\/info\/wp-content\/uploads\/Studiengang\/Anerkennung\/WInf-BSc-2019.pdf\" class=\"mtli_attachment mtli_pdf\" target=\"_blank\" rel=\"noopener noreferrer\">2019<\/a><\/td>\n<\/tr>\n<tr>\n<td>Wirtschaftsinformatik dual<\/td>\n<td><a href=\"https:\/\/pafak3.wiwi.uni-siegen.de\/info\/wp-content\/uploads\/Studiengang\/Anerkennung\/WInf-BSc-2017.pdf\" class=\"mtli_attachment mtli_pdf\" target=\"_blank\" rel=\"noopener noreferrer\">2017<\/a><\/td>\n<\/tr>\n<tr>\n<td>Wirtschaftsrecht<\/td>\n<td><a href=\"https:\/\/pafak3.wiwi.uni-siegen.de\/info\/wp-content\/uploads\/Studiengang\/Anerkennung\/WR-LLB-2019.pdf\" class=\"mtli_attachment mtli_pdf\" target=\"_blank\" rel=\"noopener noreferrer\">2019<\/a><\/td>\n<\/tr>\n<tr>\n<th style=\"text-align: left;\">Master<\/th>\n<th style=\"text-align: left;\">Version<\/th>\n<\/tr>\n<tr>\n<td>Accounting, Auditing and Taxation<\/td>\n<td><a href=\"https:\/\/pafak3.wiwi.uni-siegen.de\/info\/wp-content\/uploads\/Studiengang\/Anerkennung\/AAT-MSc-2019.pdf\" class=\"mtli_attachment mtli_pdf\" target=\"_blank\" rel=\"noopener noreferrer\">2019<\/a><\/td>\n<\/tr>\n<tr>\n<td>Business Analytics<\/td>\n<td><a href=\"https:\/\/pafak3.wiwi.uni-siegen.de\/info\/wp-content\/uploads\/Studiengang\/Anerkennung\/BuA-MSc-2020.pdf\" class=\"mtli_attachment mtli_pdf\" target=\"_blank\" rel=\"noopener noreferrer\">2020<\/a><\/td>\n<\/tr>\n<tr>\n<td>Controlling und Risikomanagement<\/td>\n<td><a href=\"https:\/\/pafak3.wiwi.uni-siegen.de\/info\/wp-content\/uploads\/Studiengang\/Anerkennung\/CRM-MSc-2019.pdf\" class=\"mtli_attachment mtli_pdf\" target=\"_blank\" rel=\"noopener noreferrer\">2019<\/a><\/td>\n<\/tr>\n<tr>\n<td>Economic Policy<\/td>\n<td><a href=\"https:\/\/pafak3.wiwi.uni-siegen.de\/info\/wp-content\/uploads\/Studiengang\/Anerkennung\/EP-MSc-2019.pdf\" class=\"mtli_attachment mtli_pdf\" target=\"_blank\" rel=\"noopener noreferrer\">2019<\/a><\/td>\n<\/tr>\n<tr>\n<td>Entrepreneurship and SME Management<\/td>\n<td><a href=\"https:\/\/pafak3.wiwi.uni-siegen.de\/info\/wp-content\/uploads\/Studiengang\/Anerkennung\/SME-MSc-2019.pdf\" class=\"mtli_attachment mtli_pdf\" target=\"_blank\" rel=\"noopener noreferrer\">2019<\/a><\/td>\n<\/tr>\n<tr>\n<td>Human Computer Interaction<\/td>\n<td><a href=\"https:\/\/pafak3.wiwi.uni-siegen.de\/info\/wp-content\/uploads\/Studiengang\/Anerkennung\/HCI-MSc-2019.pdf\" class=\"mtli_attachment mtli_pdf\" target=\"_blank\" rel=\"noopener noreferrer\">2019<\/a><\/td>\n<\/tr>\n<tr>\n<td>Management und M\u00e4rkte<\/td>\n<td><a href=\"https:\/\/pafak3.wiwi.uni-siegen.de\/info\/wp-content\/uploads\/Studiengang\/Anerkennung\/MM-MSc-2019.pdf\" class=\"mtli_attachment mtli_pdf\" target=\"_blank\" rel=\"noopener noreferrer\">2019<\/a><\/td>\n<\/tr>\n<tr>\n<td>Plurale \u00d6konomik<\/td>\n<td><a href=\"https:\/\/pafak3.wiwi.uni-siegen.de\/info\/wp-content\/uploads\/Studiengang\/Anerkennung\/Pl\u00d6k-MA-2021.pdf\" class=\"mtli_attachment mtli_pdf\" target=\"_blank\" rel=\"noopener noreferrer\">2021<\/a><\/td>\n<\/tr>\n<tr>\n<td>Wirtschaftsinformatik<\/td>\n<td><a href=\"https:\/\/pafak3.wiwi.uni-siegen.de\/info\/wp-content\/uploads\/Studiengang\/Anerkennung\/WInf-MSc-2019.pdf\" class=\"mtli_attachment mtli_pdf\" target=\"_blank\" rel=\"noopener noreferrer\">2019<\/a><\/td>\n<\/tr>\n<tr>\n<td>Wirtschaftsrecht<\/td>\n<td><a href=\"https:\/\/pafak3.wiwi.uni-siegen.de\/info\/wp-content\/uploads\/Studiengang\/Anerkennung\/WR-LLM-2019.pdf\" class=\"mtli_attachment mtli_pdf\" target=\"_blank\" rel=\"noopener noreferrer\">2019<\/a><\/td>\n<\/tr>\n<\/tbody>\n<\/table>\n","protected":false},"excerpt":{"rendered":"<p>Studiengangbezogene Formulare zur Anerkennung von Pr\u00fcfungsleistungen \u00d6ffnen Sie das Dokument f\u00fcr diejenige Studiengangversion, f\u00fcr welche die Anerkennung gelten soll, und f\u00fcllen das Deckblatt sowie die betreffende Seite mit derjenigen Pr\u00fcfung, die anerkannt werden soll, aus. Die Jahreszahl Ihrer Studiengangversion wird in unisono unter &#8222;Struktur der Pr\u00fcfungsordnung&#8220; angezeigt. Sofern Sie sich neu in einen Studiengang einschreiben, [&hellip;]<\/p>\n","protected":false},"author":2,"featured_media":0,"parent":264,"menu_order":1,"comment_status":"closed","ping_status":"closed","template":"","meta":{"footnotes":""},"class_list":["post-483","page","type-page","status-publish","hentry"],"_links":{"self":[{"href":"https:\/\/pafak3.wiwi.uni-siegen.de\/info\/wp-json\/wp\/v2\/pages\/483","targetHints":{"allow":["GET"]}}],"collection":[{"href":"https:\/\/pafak3.wiwi.uni-siegen.de\/info\/wp-json\/wp\/v2\/pages"}],"about":[{"href":"https:\/\/pafak3.wiwi.uni-siegen.de\/info\/wp-json\/wp\/v2\/types\/page"}],"author":[{"embeddable":true,"href":"https:\/\/pafak3.wiwi.uni-siegen.de\/info\/wp-json\/wp\/v2\/users\/2"}],"replies":[{"embeddable":true,"href":"https:\/\/pafak3.wiwi.uni-siegen.de\/info\/wp-json\/wp\/v2\/comments?post=483"}],"version-history":[{"count":50,"href":"https:\/\/pafak3.wiwi.uni-siegen.de\/info\/wp-json\/wp\/v2\/pages\/483\/revisions"}],"predecessor-version":[{"id":5537,"href":"https:\/\/pafak3.wiwi.uni-siegen.de\/info\/wp-json\/wp\/v2\/pages\/483\/revisions\/5537"}],"up":[{"embeddable":true,"href":"https:\/\/pafak3.wiwi.uni-siegen.de\/info\/wp-json\/wp\/v2\/pages\/264"}],"wp:attachment":[{"href":"https:\/\/pafak3.wiwi.uni-siegen.de\/info\/wp-json\/wp\/v2\/media?parent=483"}],"curies":[{"name":"wp","href":"https:\/\/api.w.org\/{rel}","templated":true}]}}