{"id":59,"date":"2018-10-29T16:03:36","date_gmt":"2018-10-29T15:03:36","guid":{"rendered":"https:\/\/dekanatfakultaet3.wiwi.uni-siegen.de\/faq\/?page_id=59"},"modified":"2018-11-22T12:18:42","modified_gmt":"2018-11-22T11:18:42","slug":"anschrift","status":"publish","type":"page","link":"https:\/\/pafak3.wiwi.uni-siegen.de\/info\/kontakt\/anschrift\/","title":{"rendered":"Anschrift"},"content":{"rendered":"<h1 class=\"title\">Anschrift<\/h1>\n<table>\n<tbody>\n<tr>\n<td>\n<h4>Postanschrift<\/h4>\n<\/td>\n<td>Universit\u00e4t Siegen<br \/>\nPr\u00fcfungsamt Fakult\u00e4t III<br \/>\nD-57068 Siegen<\/td>\n<\/tr>\n<tr>\n<td>\n<h4>Hausanschrift<\/h4>\n<p><span style=\"color: #993300;\">(bitte verwenden bei Einschreiben &amp; P\u00e4ckchen!)<\/span><\/td>\n<td>Pr\u00fcfungsamt Fakult\u00e4t III<br \/>\nKohlbettstra\u00dfe 15<br \/>\n57072 Siegen<\/td>\n<\/tr>\n<tr>\n<td>\n<h4>Telefon:<\/h4>\n<\/td>\n<td>+49 (0) 271 \/ 740-3145<\/td>\n<\/tr>\n<tr>\n<td>\n<h4>Fax:<\/h4>\n<\/td>\n<td>+49 (0) 271 \/ 740-13145<\/td>\n<\/tr>\n<tr>\n<td>\n<h4>E-Mail:<\/h4>\n<\/td>\n<td>pruefungsamt@wiwi.uni-siegen.de<\/td>\n<\/tr>\n<\/tbody>\n<\/table>\n<div class=\"su-gmap su-u-responsive-media-yes\"><iframe loading=\"lazy\" width=\"600\" height=\"400\" src=\"\/\/maps.google.com\/maps?q=Kohlbettstra%C3%9Fe%2015%2C%2057072%20Siegen&amp;output=embed\" title=\"\"><\/iframe><\/div>\n","protected":false},"excerpt":{"rendered":"<p>Anschrift Postanschrift Universit\u00e4t Siegen Pr\u00fcfungsamt Fakult\u00e4t III D-57068 Siegen Hausanschrift (bitte verwenden bei Einschreiben &amp; P\u00e4ckchen!) Pr\u00fcfungsamt Fakult\u00e4t III Kohlbettstra\u00dfe 15 57072 Siegen Telefon: +49 (0) 271 \/ 740-3145 Fax: +49 (0) 271 \/ 740-13145 E-Mail: pruefungsamt@wiwi.uni-siegen.de<\/p>\n","protected":false},"author":2,"featured_media":0,"parent":32,"menu_order":1,"comment_status":"closed","ping_status":"closed","template":"","meta":{"footnotes":""},"class_list":["post-59","page","type-page","status-publish","hentry"],"_links":{"self":[{"href":"https:\/\/pafak3.wiwi.uni-siegen.de\/info\/wp-json\/wp\/v2\/pages\/59","targetHints":{"allow":["GET"]}}],"collection":[{"href":"https:\/\/pafak3.wiwi.uni-siegen.de\/info\/wp-json\/wp\/v2\/pages"}],"about":[{"href":"https:\/\/pafak3.wiwi.uni-siegen.de\/info\/wp-json\/wp\/v2\/types\/page"}],"author":[{"embeddable":true,"href":"https:\/\/pafak3.wiwi.uni-siegen.de\/info\/wp-json\/wp\/v2\/users\/2"}],"replies":[{"embeddable":true,"href":"https:\/\/pafak3.wiwi.uni-siegen.de\/info\/wp-json\/wp\/v2\/comments?post=59"}],"version-history":[{"count":11,"href":"https:\/\/pafak3.wiwi.uni-siegen.de\/info\/wp-json\/wp\/v2\/pages\/59\/revisions"}],"predecessor-version":[{"id":1061,"href":"https:\/\/pafak3.wiwi.uni-siegen.de\/info\/wp-json\/wp\/v2\/pages\/59\/revisions\/1061"}],"up":[{"embeddable":true,"href":"https:\/\/pafak3.wiwi.uni-siegen.de\/info\/wp-json\/wp\/v2\/pages\/32"}],"wp:attachment":[{"href":"https:\/\/pafak3.wiwi.uni-siegen.de\/info\/wp-json\/wp\/v2\/media?parent=59"}],"curies":[{"name":"wp","href":"https:\/\/api.w.org\/{rel}","templated":true}]}}