{"id":826,"date":"2018-11-09T13:00:04","date_gmt":"2018-11-09T12:00:04","guid":{"rendered":"https:\/\/dekanatfakultaet3.wiwi.uni-siegen.de\/faq\/?page_id=826"},"modified":"2024-01-05T14:38:57","modified_gmt":"2024-01-05T13:38:57","slug":"zulassung-zu-pruefung","status":"publish","type":"page","link":"https:\/\/pafak3.wiwi.uni-siegen.de\/info\/studienanfaenger\/zulassung-zu-pruefung\/","title":{"rendered":"Zulassung zu Pr\u00fcfung"},"content":{"rendered":"<h1 class=\"title\">Antrag auf Zulassung zur Pr\u00fcfungen in Bachelor- und Master-Studieng\u00e4nge<\/h1>\n<p>Nach der Einschreibung, die beim Studierendensekretariat bzw. International Student Affairs erfolgt, ist beim Pr\u00fcfungsamt der Antrag auf Zulassung zur Bachelorpr\u00fcfung bzw. der Antrag auf Zulassung zur Masterpr\u00fcfung oder f\u00fcr den Masterstudiengang Economic Policy: Registration Approval for Examinations zu stellen. Das Antragsformular ist auch im Pr\u00fcfungsamt erh\u00e4ltlich; mit dem ausgef\u00fcllten Antrag ist f\u00fcr einen Masterstudiengang die Urkunde und das Zeugnis (jeweils in Kopie) des vorangehenden Studiums abzugeben. Im Bachelorstudiengang ist nur der Antrag auf Zulassung abzugeben. Erst nach Abgabe dieses Antrages ist eine Anmeldung f\u00fcr die einzelnen Teilpr\u00fcfung zul\u00e4ssig bzw. m\u00f6glich.<\/p>\n<table style=\"height: 251px;\" width=\"456\">\n<tbody>\n<tr>\n<td>Bachelor<\/td>\n<td><a href=\"https:\/\/pafak3.wiwi.uni-siegen.de\/info\/wp-content\/uploads\/Studienanfaenger\/Zulassungsantrag_Bachelor.pdf\" class=\"mtli_attachment mtli_pdf\">Antrag auf Zulassung zur Bachelorpr\u00fcfung<\/a><\/td>\n<\/tr>\n<tr>\n<td>Master<\/td>\n<td><a href=\"https:\/\/pafak3.wiwi.uni-siegen.de\/info\/wp-content\/uploads\/Studienanfaenger\/Zulassungsantrag_Master.pdf\" class=\"mtli_attachment mtli_pdf\">Antrag auf Zulassung zur Masterpr\u00fcfung<\/a><\/td>\n<\/tr>\n<tr>\n<td>Economic Policy<\/p>\n<p>HCI<\/p>\n<p>&nbsp;<\/td>\n<td><a href=\"https:\/\/pafak3.wiwi.uni-siegen.de\/info\/wp-content\/uploads\/Studienanfaenger\/zulassungsantrag_master_ep_-_englisch-1.pdf\" class=\"mtli_attachment mtli_pdf\" target=\"_blank\" rel=\"noopener noreferrer\">Registration Approval for Examinations EP<\/a><\/p>\n<p><a href=\"https:\/\/hci-siegen.de\/wp-content\/uploads\/2021\/01\/Exam_registration_form_HCI_EN.pdf\" class=\"mtli_attachment mtli_pdf\">Registration Approval for Examinations HCI<\/a><\/p>\n<p>&nbsp;<\/td>\n<\/tr>\n<\/tbody>\n<\/table>\n","protected":false},"excerpt":{"rendered":"<p>Antrag auf Zulassung zur Pr\u00fcfungen in Bachelor- und Master-Studieng\u00e4nge Nach der Einschreibung, die beim Studierendensekretariat bzw. International Student Affairs erfolgt, ist beim Pr\u00fcfungsamt der Antrag auf Zulassung zur Bachelorpr\u00fcfung bzw. der Antrag auf Zulassung zur Masterpr\u00fcfung oder f\u00fcr den Masterstudiengang Economic Policy: Registration Approval for Examinations zu stellen. Das Antragsformular ist auch im Pr\u00fcfungsamt erh\u00e4ltlich; [&hellip;]<\/p>\n","protected":false},"author":2,"featured_media":0,"parent":276,"menu_order":1,"comment_status":"closed","ping_status":"closed","template":"","meta":{"footnotes":""},"class_list":["post-826","page","type-page","status-publish","hentry"],"_links":{"self":[{"href":"https:\/\/pafak3.wiwi.uni-siegen.de\/info\/wp-json\/wp\/v2\/pages\/826","targetHints":{"allow":["GET"]}}],"collection":[{"href":"https:\/\/pafak3.wiwi.uni-siegen.de\/info\/wp-json\/wp\/v2\/pages"}],"about":[{"href":"https:\/\/pafak3.wiwi.uni-siegen.de\/info\/wp-json\/wp\/v2\/types\/page"}],"author":[{"embeddable":true,"href":"https:\/\/pafak3.wiwi.uni-siegen.de\/info\/wp-json\/wp\/v2\/users\/2"}],"replies":[{"embeddable":true,"href":"https:\/\/pafak3.wiwi.uni-siegen.de\/info\/wp-json\/wp\/v2\/comments?post=826"}],"version-history":[{"count":8,"href":"https:\/\/pafak3.wiwi.uni-siegen.de\/info\/wp-json\/wp\/v2\/pages\/826\/revisions"}],"predecessor-version":[{"id":5011,"href":"https:\/\/pafak3.wiwi.uni-siegen.de\/info\/wp-json\/wp\/v2\/pages\/826\/revisions\/5011"}],"up":[{"embeddable":true,"href":"https:\/\/pafak3.wiwi.uni-siegen.de\/info\/wp-json\/wp\/v2\/pages\/276"}],"wp:attachment":[{"href":"https:\/\/pafak3.wiwi.uni-siegen.de\/info\/wp-json\/wp\/v2\/media?parent=826"}],"curies":[{"name":"wp","href":"https:\/\/api.w.org\/{rel}","templated":true}]}}