{"id":91,"date":"2018-10-29T17:13:27","date_gmt":"2018-10-29T16:13:27","guid":{"rendered":"https:\/\/dekanatfakultaet3.wiwi.uni-siegen.de\/faq\/?page_id=91"},"modified":"2025-08-20T15:45:31","modified_gmt":"2025-08-20T13:45:31","slug":"pruefungen","status":"publish","type":"page","link":"https:\/\/pafak3.wiwi.uni-siegen.de\/info\/pruefungen\/","title":{"rendered":"Pr\u00fcfungen"},"content":{"rendered":"<h1 class=\"title\">Pr\u00fcfungen<\/h1>\n<p>Im folgenden finden Sie wichtige Informationen \u00fcber die Pr\u00fcfungen der Fakult\u00e4t III, insbesondere zur<\/p>\n<ul>\n<li>Online-Anmeldung zu und -Abmeldung von Pr\u00fcfungen<\/li>\n<li>Vorgehen im Krankheitsfall<\/li>\n<li>Anmeldung der Bachelorarbeit bzw. Masterarbeit<\/li>\n<li>Teilnahmeregelungen f\u00fcr Klausuren<\/li>\n<\/ul>\n<div class=\"su-box su-box-style-default\" id=\"\" style=\"border-color:#000000;border-radius:3px\"><div class=\"su-box-title\" style=\"background-color:#333333;color:#FFFFFF;border-top-left-radius:1px;border-top-right-radius:1px\">Welche Studierenden melden sich auf welche Weise zu den Pr\u00fcfungen an?<\/div><div class=\"su-box-content su-u-clearfix su-u-trim\" style=\"border-bottom-left-radius:1px;border-bottom-right-radius:1px\">\n<p>Die Studierenden melden sich grunds\u00e4tzlich selbst online \u00fcber <em>unisono<\/em> zu den Klausuren, m\u00fcndlichen Pr\u00fcfungen und Seminaren an (weitere Informationen zur Online-An- und Abmeldung siehe unten). Ausgenommen hiervon sind:<\/p>\n<ul>\n<li><u>Pr\u00fcfungen im letzten Versuch<\/u>: Die Online-Anmeldung zu einer Pr\u00fcfung, bei der es sich um die letzte Wiederholungsm\u00f6glichkeit handelt, ist gesperrt. Die Anmeldung erfolgt \u00fcber das Formular <a href=\"https:\/\/pafak3.wiwi.uni-siegen.de\/info\/wp-content\/uploads\/Studiengang\/Allgemein\/Anmeldung_letzter_-Pruefungsversuch.pdf\" class=\"mtli_attachment mtli_pdf\" target=\"_blank\" rel=\"noopener noreferrer\">Anmeldung zum letzten Pr\u00fcfungsversuch<\/a>.<\/li>\n<li><u>Zusatzleistungen:<\/u> Die Online-Anmeldung einer &#8222;Zusatzleistung&#8220; ist nicht m\u00f6glich. Hier ist das f\u00fcr den betreffenden Studiengang zust\u00e4ndige Pr\u00fcfungsamt zu kontaktieren.<\/li>\n<li><u>Sch\u00fcler-Studierende<\/u> besitzen keinen unisono-Zugang und k\u00f6nnen sich nicht online zu Pr\u00fcfungen anmelden. Sie melden sich zun\u00e4chst pers\u00f6nlich im Pr\u00fcfungsamt.<\/li>\n<li><u>Erasmus-Studierende etc.<\/u> sind in keinem regul\u00e4ren Studiengang eingeschrieben und k\u00f6nnen sich in der Regel nicht online zu Pr\u00fcfungen anmelden.<\/li>\n<li><u>Abschlussarbeit<\/u>: Die Anmeldung- zur Bachelorarbeit und zur Masterarbeit erfolgt per Formular<\/li>\n<\/ul>\n<p>Im Falle von Pr\u00fcfungen im letzten Versuch und von Zusatzleistungen melden sich die Studierenden bei dem Pr\u00fcfungsamt, dass f\u00fcr ihren Studiengang zust\u00e4ndig ist. In den anderen F\u00e4llen sowie beim letzten Versuch und bei Zusatzleistungen in den Studieng\u00e4ngen der Betriebswirtschaftslehre, Volkswirtschaftslehre, Wirtschaftsinformatik (einschlie\u00dflich HCI) und des Wirtschaftsrechts melden sich die Studierenden beim Pr\u00fcfungsamt Fakult\u00e4t III mit dem Formular &#8222;Anmeldung zum letzten Pr\u00fcfungsversuch&#8220; an. Die Anmeldung muss handschriftlich unterschrieben sein; die Anmeldung kann aber auch eingescannt werden und per E-Mail von der studentischen Adresse an das Pr\u00fcfungsamt geschickt werden.<\/p>\n<p><strong>Studierende, die ohne Online-Anmeldung bzw. ohne Anmeldung per Formular beim Pr\u00fcfungsamt an einer Pr\u00fcfung teilnehmen, m\u00fcssen davon ausgehen, dass die Pr\u00fcfung nicht gewertet wird.<\/strong><\/p>\n<\/div><\/div>\n<div class=\"su-box su-box-style-default\" id=\"\" style=\"border-color:#000000;border-radius:3px\"><div class=\"su-box-title\" style=\"background-color:#333333;color:#FFFFFF;border-top-left-radius:1px;border-top-right-radius:1px\">Vorgehensweise bei der Online-Anmeldung und -Abmeldung von Pr\u00fcfungen<\/div><div class=\"su-box-content su-u-clearfix su-u-trim\" style=\"border-bottom-left-radius:1px;border-bottom-right-radius:1px\">\n<p>F\u00fcr eine Teilnahme an einer Pr\u00fcfung ist eine vorherige Anmeldung erforderlich; grunds\u00e4tzlich wird eine Teilnahme an einer Pr\u00fcfung, zu der keine Anmeldung vorliegt, nicht gewertet. Umgekehrt gilt eine Pr\u00fcfung, zu der ein Studierender sich angemeldet hatte, zu welcher der Studierende aber ohne triftige Gr\u00fcnde, z.B. Krankheit, nicht antritt, als mit &#8222;nicht bestanden&#8220; (5,0) bewerrtet. Bitte seien Sie daher in Ihrem eigenen Interesse sehr sorgf\u00e4ltig bei der An- und Abmeldung.<\/p>\n<p>Die <a href=\"https:\/\/pafak3.wiwi.uni-siegen.de\/info\/wp-content\/uploads\/Anleitung\/Anmeldung-zur-Pruefungsleistungen.pdf\" class=\"mtli_attachment mtli_pdf\" target=\"_blank\" rel=\"noopener noreferrer\">Erl\u00e4uterungen zur Online-Anmeldung und -Abmeldung<\/a> beschreiben das grunds\u00e4tzliche Vorgehensweise. Zum Vorgehen bei Problemen und zum Nachweis der An- und Abmeldungen im Online-Verfahren beachten Sie bitte die nachfolgenden Regeln.<\/p>\n<ul>\n<li>Wenn der Server vor\u00fcbergehend nicht erreichbar ist, dann versuchen Sie es sp\u00e4ter nochmals. Sollten die technischen Schwierigkeiten \u00fcber einen l\u00e4ngeren Zeitraum bestehen, dann melden Sie sich bitte beim Pr\u00fcfungsamt.<\/li>\n<li>Wenn der Server kurz vor Ablauf der An- bzw. Abmeldefrist nicht verf\u00fcgbar ist, dann schicken Sie <strong>vor Ablauf der Frist<\/strong> eine Email an das <a class=\" cd_mailto\" href=\"mailto:pruefungsamt@wiwi.uni-siegen.de\">Pr\u00fcfungsamt Fakult\u00e4t III<\/a> , aus der die gew\u00fcnschte An- bzw. Abmeldung hervorgeht. Falls die Probleme nachvollzogen werden k\u00f6nnen, dann werden Sie von den Mitarbeiterinnen des Pr\u00fcfungsamtes an- bzw. abgemeldet.<\/li>\n<li>Falls eine Anmeldung nicht funktioniert, obwohl sie m\u00f6glich sein sollte, dann kann dies unterschiedliche Ursachen haben. Schicken Sie zur Kl\u00e4rung der Gr\u00fcnde bitte eine E-Mail mit Angabe der Matrikelnummer, des Studienganges und der Pr\u00fcfungsnummer sowie mit einem geeigneten Screen Shot (z.B. unisono-Fehlermeldung) an das Pr\u00fcfungsamt Fakult\u00e4t III.<\/li>\n<li>Vergewissern Sie sich nach einer An- oder Abmeldung stets davon, dass das System Ihre Meldung akzeptiert hat, indem Sie sich unter\u00a0\u00a0 Mein Studium -&gt; Belegungen (und ggf. &#8222;Nur Pr\u00fcfungen&#8220; ausw\u00e4hlen) die \u00dcbersicht der angemeldeten Pr\u00fcfungen anzeigen lassen. Wenn Sie auf &#8222;PDF-Dokument erstellen&#8220; klicken, k\u00f6nnen Sie &#8211; ggf. zum sp\u00e4teren Nachweis in einem Zweifelsfall &#8211; Ihren Anmeldestatus ausdrucken oder abspeichern. Ferner sollten Sie nach einer An- oder Abmeldung eine automatische E-Mail von unisono erhalten, dass sich der Status der betreffenden Pr\u00fcfung ge\u00e4ndert hat; bleibt diese E-Mail aus, \u00fcberpr\u00fcfen Sie bitte sorf\u00e4ltig, dass die Anmeldung von unisono akzeptiert worden ist.<\/li>\n<\/ul>\n<\/div><\/div>\n<div class=\"su-box su-box-style-default\" id=\"\" style=\"border-color:#000000;border-radius:3px\"><div class=\"su-box-title\" style=\"background-color:#333333;color:#FFFFFF;border-top-left-radius:1px;border-top-right-radius:1px\">R\u00fccktritt von der Pr\u00fcfung wegen Krankheit<\/div><div class=\"su-box-content su-u-clearfix su-u-trim\" style=\"border-bottom-left-radius:1px;border-bottom-right-radius:1px\">\n<p>Bei einem R\u00fccktritt von einer Pr\u00fcfung wegen Krankheit ist die blo\u00dfe Abgabe oder Vorlage eines Attestes bzw. einer Arbeitsunf\u00e4highkeitsbescheinigung (AU) nicht ausreichend; der R\u00fccktritt von der Pr\u00fcfung muss ausdr\u00fccklich erkl\u00e4rt werden. Die R\u00fccktrittserkl\u00e4rung muss unverz\u00fcglich erfolgen, wobei eine Erkl\u00e4rung innerhalb von 3 Tagen (Abgabe im Pr\u00fcfungsamt oder, im Falle eines Briefes an das Pr\u00fcfungsamt, das Datum des Poststempels) ohne Weiteres als unverz\u00fcglich angesehen wird. Bitte verwenden Sie zum R\u00fccktritt wegen Krankheit\u00a0 <a href=\"https:\/\/pafak3.wiwi.uni-siegen.de\/info\/wp-content\/uploads\/Studiengang\/Allgemein\/Ruecktritt_wegen_Krankheit.pdf\" class=\"mtli_attachment mtli_pdf\" target=\"_blank\" rel=\"noopener noreferrer\"> diesen Vordruck<\/a>.<\/p>\n<p>Wird ein Attest\/AU anerkannt, dann wird vom Pr\u00fcfungsamt in unisono f\u00fcr die entsprechende Pr\u00fcfung ein R\u00fccktritt mit dem Vermerk &#8222;AT&#8220; (f\u00fcr &#8222;Attest&#8220;) eingetragen. Die Studierenden k\u00f6nnen nach dem pers\u00f6nlichen Login in unisono unter dem Men\u00fcpunkt &#8222;Mein Studium&#8220; unter &#8222;Leistungen&#8220; in der Spalte &#8222;Status&#8220; den Eintrag &#8222;AT&#8220; sehen. Durch Anklicken des PDF-Buttons l\u00e4sst sich eine entsprechende PDF-Datei erzeugen, welche man gegebenenfalls zum Zwecke eines eventuellen sp\u00e4teren Nachweises ausdrucken oder abspeichern kann.<\/p>\n<p>Im Falle, dass ein Attest\/AU nicht anerkannt wird, wird in unisono der Vermerk &#8222;NAT&#8220; (f\u00fcr &#8222;nicht anerkanntes Attest&#8220;) eingetragen und der betreffende Studierende erh\u00e4lt ein Schreiben des Pr\u00fcfungsamtes mit Angabe des Grundes, warum das Attest\/AU nicht anerkannt worden ust. Wird ein Attest nicht anerkannt, gilt die Pr\u00fcfung als mit &#8222;nicht bestanden&#8220; (Note 5,0) bewertet.<\/p>\n<\/div><\/div>\n<div class=\"su-box su-box-style-default\" id=\"\" style=\"border-color:#000000;border-radius:3px\"><div class=\"su-box-title\" style=\"background-color:#333333;color:#FFFFFF;border-top-left-radius:1px;border-top-right-radius:1px\">Anmeldung zur Abschlussarbeit<\/div><div class=\"su-box-content su-u-clearfix su-u-trim\" style=\"border-bottom-left-radius:1px;border-bottom-right-radius:1px\">\n<p>Um das Verfahren zu vereinfachen und zu verk\u00fcrzen und um &#8211; insbesondere beim Thema der Arbeit &#8211; \u00dcbertragungsfehler, die bei handschriftlichen Eintragungen in das Anmeldeformular vorkommen k\u00f6nnen, zu vermeiden, gilt ab sofort f\u00fcr die Anmeldung zur Abschlussarbeit (Bachelorarbeit, Masterarbeit) der folgende Verfahrensablauf:<\/p>\n<ol>\n<li>Die\/der Studierende vereinbart mit der Erstpr\u00fcferin\/dem Erstpr\u00fcfer das genaue Thema der Arbeit sowie einen Bearbeitungsbeginn. Die Erstpr\u00fcferin\/der Erstpr\u00fcfer teilt der\/dem Studierenden die Zweitpr\u00fcferin\/den Zweitpr\u00fcfer mit.<\/li>\n<li>Die\/der Studierende l\u00e4dt das PDF-Dokument zur Anmeldung zur Abschlussarbeit von der Internetseite des Pr\u00fcfungsamtes herunter (Vorhanden im jeweiligen Studiengang unter Formulare Allgemein), f\u00fcllt <strong>dieses elektronische Formular am Computer<\/strong> aus und druckt das ausgef\u00fcllte Formular aus. (Es wird empfohlen, das ausgef\u00fcllte Formular auch auf dem eigenen Computer abzuspeichern.)<\/li>\n<li>Die\/der Studierende unterschreibt (handschriftlich) das ausgedruckte Formular und legt es der Erstpr\u00fcferin\/dem Erstpr\u00fcfer vor, die\/der durch ihre\/seine Unterschrift die Richtigkeit der Angaben best\u00e4tigt.<\/li>\n<li>Die\/der Studierende gibt das Formular im Pr\u00fcfungsamt ab.<\/li>\n<li>Das Pr\u00fcfungsamt teilt der\/dem Studierenden offiziell per E-Mail an die studentische E-Mail-Adresse\u00a0 das Thema der Arbeit und den letztm\u00f6glichen Termin f\u00fcr die Abgabe der Arbeit mit.<\/li>\n<\/ol>\n<p>Bitte beachten Sie die nachfolgenden Punkte:<\/p>\n<ul>\n<li>Um auszuschlie\u00dfen, dass Studierende sich gegen\u00fcber ihren Kommilitonen den Vorteil einer l\u00e4ngeren Bearbeitungszeit verschaffen, muss das Formular unmittelbar nach der Unterschrift der Erstpr\u00fcferin\/des Erstpr\u00fcfers im Pr\u00fcfungsamt eingegangen sein und muss der Bearbeitungsbeginn sp\u00e4testens 2 Wochen nach der Unterschrift der Erstpr\u00fcferin\/des Erstpr\u00fcfers erfolgen. Andernfalls wird die Anmeldung nicht akzeptiert.<\/li>\n<li>Wir schlagen vor, dass die Studierenden selbst das Formular im Pr\u00fcfungsamt abgeben oder in das Postfach des Pr\u00fcfungsamtes werfen, damit Sie sicher sein k\u00f6nnen, dass die Anmeldung im Pr\u00fcfungsamt eingegangen ist.<\/li>\n<li>Stellen Sie sicher, dass in unisono die richtige Adresse unter &#8222;Kontaktdaten&#8220; eingetragen ist und kontrollieren Sie regelm\u00e4\u00dfig Eing\u00e4nge in Ihrem studentischen E-Mail-Konto.<\/li>\n<\/ul>\n<\/div><\/div>\n<div class=\"su-box su-box-style-default\" id=\"\" style=\"border-color:#000000;border-radius:3px\"><div class=\"su-box-title\" style=\"background-color:#333333;color:#FFFFFF;border-top-left-radius:1px;border-top-right-radius:1px\">Teilnahmeregelungen f\u00fcr Klausuren<\/div><div class=\"su-box-content su-u-clearfix su-u-trim\" style=\"border-bottom-left-radius:1px;border-bottom-right-radius:1px\">\n<p>Aufgrund der aus den Pr\u00fcfungsverh\u00e4ltnissen resultierenden Mitwirkungspflichten der Pr\u00fcfungskandidatinnen und Pr\u00fcfungskandidaten sind folgende Teilnahmeregelungen zu beachten<\/p>\n<p><a href=\"https:\/\/pafak3.wiwi.uni-siegen.de\/info\/wp-content\/uploads\/teilnahmeregelungen.pdf\" class=\"mtli_attachment mtli_pdf\" target=\"_blank\" rel=\"noopener\">Teilnahmeregelungen f\u00fcr Klausuren<\/a><\/p>\n<p><a href=\"https:\/\/pafak3.wiwi.uni-siegen.de\/info\/wp-content\/uploads\/regulations-written-examinations.pdf\" class=\"mtli_attachment mtli_pdf\" target=\"_blank\" rel=\"noopener\">Regulations for Written Examinations<\/a><\/p>\n<\/div><\/div>\n<div class=\"su-box su-box-style-default\" id=\"\" style=\"border-color:#000000;border-radius:3px\"><div class=\"su-box-title\" style=\"background-color:#333333;color:#FFFFFF;border-top-left-radius:1px;border-top-right-radius:1px\">Vorgezogene Masterpr\u00fcfungen<\/div><div class=\"su-box-content su-u-clearfix su-u-trim\" style=\"border-bottom-left-radius:1px;border-bottom-right-radius:1px\">\n<ul>\n<li>Studierende in den Bachelor-Studieng\u00e4ngen BWL, VWL oder WInfo k\u00f6nnen in maximal zwei aufeinanderfolgenden Semestern (die Z\u00e4hlung beginnt mit der erstmaligen Anmeldung zu einer Master-Pr\u00fcfung) bereits Pr\u00fcfungen f\u00fcr einen nachfolgenden Master-Studiengang AAT, BuA, CRM, SME, MM, EP, P\u00d6, WInfo oder HCI ablegen. Vorgezogene Master-Pr\u00fcfungen sind nur m\u00f6glich, wenn Studierende in ihrem Bachelor-Studiengang die Grenze von 140 LP erreicht oder \u00fcberschritten haben. Die Masterarbeit kann nicht vorgezogen werden.<\/li>\n<li>Eine vorgezogene Masterpr\u00fcfung kann (nur in demjenigen Semester, in dem die Bachelorpr\u00fcfung bestanden wurde) auch noch abgelegt werden, <strong>nachdem<\/strong> die Bachelorpr\u00fcfung bestanden wurde, sofern die bzw. der Studierende zum Zeitpunkt der Pr\u00fcfung noch im Bachelorstudiengang eingeschrieben ist.<\/li>\n<li>Eine Aufnahme der vorgezogenen Masterpr\u00fcfung in die Leistungs\u00fcbersicht des Bachelorstudiengangs ist nicht m\u00f6glich.<\/li>\n<li>Durch das Ablegen von vorgezogenen Masterpr\u00fcfungen entsteht kein Anspruch auf Zulassung zu einem Masterstudiengang.<\/li>\n<li>Nach der Einschreibung in den Masterstudiengang werden sowohl positive als auch negative vorgezogene Masterpr\u00fcfungen \u00fcbertragen; mit dem \u00dcbertrag ist gegebenenfalls eine Einstufung in ein h\u00f6heres Fachsemester des Masterstudiengangs verbunden.<\/li>\n<\/ul>\n<\/div><\/div>\n<div class=\"su-box su-box-style-default\" id=\"\" style=\"border-color:#000000;border-radius:3px\"><div class=\"su-box-title\" style=\"background-color:#333333;color:#FFFFFF;border-top-left-radius:1px;border-top-right-radius:1px\">Statistik zur Gesamtabschlussnote<\/div><div class=\"su-box-content su-u-clearfix su-u-trim\" style=\"border-bottom-left-radius:1px;border-bottom-right-radius:1px\">\n<p>Das Dokument <a href=\"https:\/\/pafak3.wiwi.uni-siegen.de\/info\/wp-content\/uploads\/Pruefungen\/AbschlussStatistik.pdf\" class=\"mtli_attachment mtli_pdf\" target=\"_blank\" rel=\"noopener noreferrer\">Abschlussstatistik<\/a> gibt einen \u00dcberblick \u00fcber die Abschlussnoten der vergangenen drei Semester. Die \u00dcbersicht enth\u00e4lt f\u00fcr die einzelnen Studieng\u00e4nge eine Tabelle \u00fcber die Anzahl der einzelnen Noten (sehr gut, gut, befriedigend und ausreichend) sowie eine Tabelle der Notenquantile im 10%-Abstand.<\/p>\n<p>Die Notenquantile geben Auskunft dar\u00fcber, wie die Abschlussnote <strong>im Vergleich zu anderen Studierenden<\/strong> einzusch\u00e4tzen ist. Auch die ECTS-Note, die i.d.R. im Zeugnis ausgewiesen ist, ist eine relative Note: z.B. bedeutet die ECTS-Note &#8222;A&#8220;, dass eine Studierende bzw. ein Studierender zu den besten 10% geh\u00f6rt. Da f\u00fcr die Berechnung der ECTS-Note h\u00e4ufig eine andere Datenbasis (d.h. ein anderer Zeitraum, in dem die Abschl\u00fcsse erzielt wurden) herangezogen wurde, kann es sein, dass in Grenzf\u00e4llen die ECTS-Note <strong>nicht genau<\/strong> den Angaben in der Abschlussstatistik entspricht. Z.B. k\u00f6nnte es sein, dass eine Studierende laut Abschlusstabelle (noch gerade eben so) zu den besten 10 Prozent geh\u00f6rt, im Zeugnis aber die ECTS-Note &#8222;B&#8220; ausgewiesen wird (oder umgekehrt).<\/p>\n<\/div><\/div>\n","protected":false},"excerpt":{"rendered":"<p>Pr\u00fcfungen Im folgenden finden Sie wichtige Informationen \u00fcber die Pr\u00fcfungen der Fakult\u00e4t III, insbesondere zur Online-Anmeldung zu und -Abmeldung von Pr\u00fcfungen Vorgehen im Krankheitsfall Anmeldung der Bachelorarbeit bzw. Masterarbeit Teilnahmeregelungen f\u00fcr Klausuren<\/p>\n","protected":false},"author":2,"featured_media":0,"parent":0,"menu_order":10,"comment_status":"closed","ping_status":"closed","template":"","meta":{"footnotes":""},"class_list":["post-91","page","type-page","status-publish","hentry"],"_links":{"self":[{"href":"https:\/\/pafak3.wiwi.uni-siegen.de\/info\/wp-json\/wp\/v2\/pages\/91","targetHints":{"allow":["GET"]}}],"collection":[{"href":"https:\/\/pafak3.wiwi.uni-siegen.de\/info\/wp-json\/wp\/v2\/pages"}],"about":[{"href":"https:\/\/pafak3.wiwi.uni-siegen.de\/info\/wp-json\/wp\/v2\/types\/page"}],"author":[{"embeddable":true,"href":"https:\/\/pafak3.wiwi.uni-siegen.de\/info\/wp-json\/wp\/v2\/users\/2"}],"replies":[{"embeddable":true,"href":"https:\/\/pafak3.wiwi.uni-siegen.de\/info\/wp-json\/wp\/v2\/comments?post=91"}],"version-history":[{"count":38,"href":"https:\/\/pafak3.wiwi.uni-siegen.de\/info\/wp-json\/wp\/v2\/pages\/91\/revisions"}],"predecessor-version":[{"id":5784,"href":"https:\/\/pafak3.wiwi.uni-siegen.de\/info\/wp-json\/wp\/v2\/pages\/91\/revisions\/5784"}],"wp:attachment":[{"href":"https:\/\/pafak3.wiwi.uni-siegen.de\/info\/wp-json\/wp\/v2\/media?parent=91"}],"curies":[{"name":"wp","href":"https:\/\/api.w.org\/{rel}","templated":true}]}}